184 + -125. Suppose u = 75 + z. Suppose 3*o = u + 109. What is the tens digit of o?
8
Let a(p) = 42*p**2 - 2*p + 1. Let j be (3 - 1)*1*4/8. Let s be a(j). Suppose 4*w = 3*k - w - 43, k + 5*w - s = 0. What is the units digit of k?
1
Let l be (-18)/(-36) - (-237081)/6. Suppose 0 = 52*d - 29*d - l. What is the tens digit of d?
1
Let y be (-3)/6*(1 + 1)*15. Let l = 14 + y. Let r(o) = 4*o**2 + 3*o + 2. What is the units digit of r(l)?
3
Let s be 28/126 + 29014/9. Suppose -s = -6*j + 340. Suppose -j = -16*v + 3470. What is the tens digit of v?
5
Suppose 530448 = 97*l + 75*l. What is the tens digit of l?
8
Suppose -l = -343 - 173. Let w = l + -83. What is the tens digit of w?
3
Let g(q) = 2*q**3 - 3*q**2 + 2*q - 5. Let r be g(5). Suppose k - 10*k - r = 0. What is the units digit of -4*(-3 - k/8)/1?
2
Suppose 19*n = 101269 + 78034. What is the thousands digit of n?
9
Suppose 17*t + 264297 = 50*t. What is the tens digit of t?
0
Let g = -703 - -1061. Suppose 0 = z + 3*m - 568 + 211, 2*m - g = -z. What is the hundreds digit of z?
3
Let q(u) = -4475*u + 722. What is the units digit of q(-5)?
7
Let v = 287 + -282. Suppose -6*j + 2 = -16. Suppose -2*p = -4*x + 858, 2*x + v*p - 1110 = -j*x. What is the units digit of x?
7
Suppose 8*t - 337 = 567. Let x = t - 29. Suppose x = 2*s - 26. What is the tens digit of s?
5
Suppose 2*g = 8, 16 = p - g - g. Suppose -p*i = -21*i - 24. Suppose 0 = i*t + 9*t - 1173. What is the units digit of t?
9
What is the tens digit of (4 - 2)/(-3 - 14804/(-4934))?
3
Suppose -184 - 1775 = -3*q. Suppose 7*x - 327 - q = 0. Suppose x = 5*y - 155. What is the units digit of y?
9
Suppose 4*z - 4*y - 824 = 0, -5*z - y + 1075 = 39. Let d = z - 17. Suppose 5*n - 152 = -j, 0 = 3*j - 4*n - 665 + d. What is the units digit of j?
7
What is the ten thousands digit of 14/(-21) + (2/(-8))/((-15)/2268040)?
3
Suppose 84*d + 38068 = 22*d + 355074. What is the thousands digit of d?
5
Suppose 4*z = -2*p + 5236, -4*z + 532 = -p + 3126. What is the hundreds digit of p?
6
Let m(s) = -s**3 - 42*s**2 - 278*s + 29. What is the hundreds digit of m(-36)?
2
Suppose -8*b + 39249 = -4*b + 5*p, 0 = b - 5*p - 9781. What is the units digit of b?
6
Let f = 43 + -20. Suppose -f*s + 21*s = -8. What is the tens digit of 2/(0 + s/46)?
2
Suppose -5*r + 207 - 87 = 0. Let a = r - 16. Suppose 113 = a*o - 319. What is the units digit of o?
4
Suppose 0 = 2*c + 3*f - 408, c - 3*f = -270 + 474. What is the units digit of c?
4
Let c(y) = y - 3 + 16 - 8 - 6. Let a(b) = b - 29. Let z(l) = -a(l) - c(l). What is the units digit of z(13)?
4
Suppose -349188 = -30*x + 2*x. What is the thousands digit of x?
2
Let i be (-2)/(7/(42/(-4))). Suppose 4*h - 5*z - 616 = -3*z, i*h - 480 = -3*z. What is the hundreds digit of h?
1
Let o(a) = 4*a**2 - 4*a - 3. Let b be o(-2). Suppose 11 = -5*d + b. Suppose d*w = 178 + 96. What is the units digit of w?
7
Suppose -74*o = -70*o + w - 28478, -3*w - 18 = 0. What is the thousands digit of o?
7
What is the tens digit of (2559970/63)/(256/288) + (-1)/(-4)?
1
Suppose -2*s - 771 = -3*p, 7*s = 2*p + 11*s - 530. Let j = p - 22. What is the units digit of j?
7
Let k(o) = -997*o + 19. Let w be k(-3). Suppose -13*g = -8*g - w. Suppose 0 = 9*u - 2*u - g. What is the units digit of u?
6
Let m = 61 - 57. Suppose 1668 = 2*u - m*s, s - 869 = -u - 4*s. Suppose -2*g + n + 347 = -72, 4*n = -4*g + u. What is the tens digit of g?
1
Let p = 711 - 507. Suppose 3*j - p = 2*j. Let y = j - 115. What is the units digit of y?
9
Let q be (90 - 1)*(2 + -4 + 3). Suppose -7*w = -q - 58. What is the tens digit of w?
2
Suppose -3 = 2*w - w. Let g be (2086/14)/((-1)/w). What is the hundreds digit of (g/12 + 0)/(2/8)?
1
Suppose 220 = -4*k - 7*k. What is the tens digit of (-1 - 110)*k/12?
8
Suppose -57*l - 3 = -3. Suppose l = 56*z - 18*z - 40964. What is the thousands digit of z?
1
Let c(k) be the third derivative of -k**4/24 + 5*k**3/3 - 33*k**2 - 2. Suppose 31 = -4*q + 7. What is the units digit of c(q)?
6
Let s(c) = c**2 + 17*c - 16. Let x be s(-18). Suppose 3*f - 246 = 3*a, 167 = x*f + a - 2*a. Suppose 4*n - f = 119. What is the units digit of n?
1
Suppose -4*q - q = -3*o - 11, o + 5 = 2*q. Suppose 3*v - v = -x + 421, 0 = 5*x + o*v - 2091. What is the tens digit of x?
1
Let f(v) = 2244*v - 2455. What is the thousands digit of f(8)?
5
Suppose 0 = m - 2*w - 21, -m + 0*m - 5*w = 0. What is the tens digit of 1*(-3)/(m/(-2410))?
8
Let b be 3 + (2 - 3) + 10. Let z be (-45)/(-12) + 3/b. Suppose 0 = 5*h + z*q - 54, -h = -2*h - 4*q - 2. What is the units digit of h?
4
Let d = -151 + 180. Suppose -72 = -33*g + d*g. What is the units digit of g?
8
Suppose -2*n - 4*r + 480 = 0, -10*n + 4*r = -13*n + 712. What is the hundreds digit of n + ((-2)/(-6)*6 - 2)?
2
Let y(c) = c**3 + 10*c**2 - 2*c - 10. Let a = 52 - 62. Let n be y(a). What is the tens digit of 10/(((-8)/n)/(-2))?
2
Let m(z) = -2128*z**3 - z**2 + z + 2. Let j be m(-1). Suppose 608 - j = -10*f. What is the tens digit of f?
5
Let x(l) be the first derivative of 9/2*l**2 + 7 + 0*l. What is the tens digit of x(10)?
9
Let j(z) = 64*z**2 - 299*z + 5385. What is the thousands digit of j(17)?
8
Let i(c) = c**2 + 16*c - 22. Let y be i(-17). Let k(g) = -174*g - 9. What is the hundreds digit of k(y)?
8
Suppose -37*k + 2*k = -158729 - 503156. What is the tens digit of k?
1
Suppose 3*u = -4*t + 19, -u + 6*u + 2*t - 13 = 0. What is the tens digit of (-269)/(-4) - u/4?
6
Let q be (-178)/4*-3*32/(-12). Let p = q + 656. What is the tens digit of p?
0
Suppose 441373 - 465202 = -53*a + 897311. What is the thousands digit of a?
7
Let i be (-1)/3 - 12787/(-57). Suppose 4*x + 1160 = i. What is the units digit of (x/27)/(4/(-6))?
3
Let v(h) = 1122*h - 17. Let k(f) = -1123*f + 18. Let i(z) = 6*k(z) + 7*v(z). What is the units digit of i(1)?
5
Suppose m - 4*o = 13, o + o - 95 = -3*m. Let k = 83 - m. Let x = k + 60. What is the units digit of x?
4
Suppose m + 3*j - 18 = 0, 4*m + 0*j + 2*j = 22. Let h be (0*m/(-15))/(2/(-1)). Suppose -111 = -f - h*s - 4*s, 0 = -5*f - 5*s + 510. What is the tens digit of f?
9
Let s be ((-18)/7)/(16/(-28))*2. Suppose -648 = 7*o - s*o. What is the tens digit of o?
2
Suppose 0*v + 3*v - a = 10, 3*v - 7 = -2*a. Suppose -v*y + 9 = -3*h, 4*h - 21 + 9 = 0. Suppose -y*w = -180 - 246. What is the tens digit of w?
7
Let v be (-2)/(-7) + (-26)/(-7). Suppose -v*c + 21 = 5. What is the units digit of c/6*((-106)/(-4) - -2)?
9
Let q = -20 + 24. Suppose 0 = -4*g + q*p - 0*p - 840, 3*p + 847 = -4*g. Let m = -67 - g. What is the hundreds digit of m?
1
Let z(n) = 229*n + 25. Let p be z(18). Suppose -242 = 5*j - p. What is the units digit of 32/40 + j/5?
7
Let h = 4548 - 3717. What is the tens digit of h?
3
Suppose -8*t = -677 + 141. Let s = -68 + t. What is the tens digit of 0 + (-3 - s*(79 - 4))?
7
Suppose 3*m - 4*g = 224, 50*g - 257 = -4*m + 47*g. Suppose 47760 = m*z - 28*z. What is the hundreds digit of z?
1
Suppose -3*q = -3*m - 1 - 11, 0 = q + 2*m + 2. Suppose 7*d = q*d + 1435. What is the hundreds digit of d?
2
Let t be 12040/9 + 5 + (-387)/81. Let y = t - 534. What is the units digit of y?
4
What is the hundreds digit of 8719 + (-14 - 275)/(-17)?
7
Let k be 4 + (10 - 6) + -7. Let u(w) = 167*w**2 + 3*w. What is the hundreds digit of u(k)?
1
Let f(c) = 2. Let y(s) = -46*s**2 + 5*s + 16. Let a(r) = -f(r) - y(r). What is the hundreds digit of a(-4)?
7
Let m = -34852 - -49992. What is the tens digit of m?
4
Suppose o = 2*g + 1, 2*g = -4*o - 14 + 48. Suppose u + 2 + o = 3*z, 4*z - 12 = -5*u. Suppose -616 = -10*f + z*f. What is the units digit of f?
8
Let o(x) = -16*x + 125. Let d be o(8). Let j(s) = 143*s**2 + 4*s + 14. What is the thousands digit of j(d)?
1
Suppose 5*b + 460 - 2380 = 0. Let z = -249 + b. Suppose -4*v = -z - 109. What is the units digit of v?
1
What is the units digit of (-291768)/28*(-112)/48?
4
Suppose -295*d = -250*d - 269595. What is the hundreds digit of d?
9
Let v(q) = -14*q - 10. Let m be (-1)/(-2 - 33/(-15)). Let b be v(m). Suppose k - 1 = -2, -b = -y + 4*k. What is the tens digit of y?
5
Suppose -3*d + 4*n = -20, -4*n + 5 = -5*n. Suppose 96*p - 97*p + 617 = d. What is the hundreds digit of p?
6
Let p(s) = -18530*s - 666. What is the ten thousands digit of p(-4)?
7
Suppose 7*z - 11*z = -20. Let n(r) = 4*r - 12. Let w be n